he greatest common divisor of 14 and 4.
2
Calculate the greatest common factor of 414 and 468.
18
Calculate the greatest common divisor of 984 and 48.
24
Calculate the highest common divisor of 78 and 2535.
39
What is the greatest common factor of 429 and 1859?
143
What is the greatest common factor of 154 and 1474?
22
Calculate the highest common factor of 507 and 117.
39
What is the greatest common factor of 14 and 1267?
7
What is the greatest common factor of 616 and 42?
14
Calculate the highest common divisor of 15775 and 25.
25
Calculate the highest common divisor of 22 and 3047.
11
What is the greatest common factor of 11 and 748?
11
What is the highest common factor of 8994 and 6?
6
Calculate the greatest common factor of 6747 and 6.
3
Calculate the highest common divisor of 1776 and 407.
37
Calculate the greatest common divisor of 40 and 376.
8
Calculate the highest common divisor of 1469 and 39.
13
Calculate the highest common factor of 222 and 1887.
111
Calculate the highest common factor of 48 and 264.
24
Calculate the highest common factor of 274 and 16.
2
Calculate the highest common divisor of 148 and 259.
37
Calculate the greatest common factor of 11 and 24937.
11
What is the highest common divisor of 1485 and 55?
55
What is the greatest common divisor of 117 and 3783?
39
Calculate the highest common divisor of 14 and 3682.
14
Calculate the greatest common factor of 40 and 29400.
40
Calculate the greatest common factor of 15 and 2265.
15
What is the greatest common factor of 13161 and 328?
41
What is the greatest common factor of 18 and 45?
9
Calculate the greatest common factor of 74 and 16.
2
What is the highest common divisor of 7 and 14?
7
Calculate the greatest common factor of 7222 and 368.
46
Calculate the highest common divisor of 169 and 299.
13
Calculate the highest common factor of 1050 and 126.
42
Calculate the highest common factor of 533 and 164.
41
Calculate the highest common divisor of 9699 and 795.
159
Calculate the highest common divisor of 2 and 82.
2
What is the greatest common factor of 90 and 130?
10
What is the greatest common factor of 9 and 546?
3
What is the greatest common divisor of 16530 and 114?
114
Calculate the greatest common factor of 13 and 2652.
13
Calculate the greatest common factor of 1190 and 4284.
238
What is the highest common divisor of 110 and 198?
22
What is the greatest common factor of 24 and 12?
12
What is the greatest common divisor of 5120 and 40?
40
What is the greatest common factor of 1421 and 812?
203
What is the highest common factor of 9 and 1530?
9
What is the greatest common divisor of 8558 and 22?
22
What is the greatest common divisor of 4 and 284?
4
What is the highest common divisor of 136 and 32?
8
Calculate the greatest common factor of 405 and 30.
15
What is the highest common factor of 3071 and 222?
37
What is the greatest common factor of 502 and 3263?
251
Calculate the highest common divisor of 6 and 2634.
6
Calculate the highest common factor of 1948 and 4.
4
Calculate the highest common divisor of 56 and 21.
7
What is the greatest common factor of 5766 and 6?
6
Calculate the highest common factor of 183 and 33.
3
Calculate the greatest common divisor of 464 and 48.
16
What is the greatest common divisor of 3094 and 7072?
442
Calculate the highest common divisor of 24 and 162.
6
Calculate the greatest common divisor of 20190 and 40.
10
What is the highest common factor of 12 and 3093?
3
What is the highest common divisor of 66 and 10758?
66
What is the greatest common factor of 532 and 152?
76
What is the highest common divisor of 20 and 32?
4
Calculate the highest common divisor of 645 and 30.
15
Calculate the highest common factor of 64 and 1040.
16
What is the greatest common divisor of 61050 and 37?
37
Calculate the greatest common divisor of 33 and 33.
33
What is the greatest common divisor of 1216 and 38?
38
What is the greatest common factor of 616 and 14?
14
What is the highest common divisor of 1066 and 130?
26
Calculate the greatest common factor of 1444 and 456.
76
Calculate the greatest common divisor of 54549 and 171.
171
Calculate the greatest common factor of 5553 and 36.
9
Calculate the highest common divisor of 16 and 248.
8
What is the highest common divisor of 96 and 9?
3
Calculate the greatest common divisor of 336 and 52.
4
Calculate the highest common divisor of 477 and 265.
53
What is the greatest common factor of 735 and 210?
105
Calculate the greatest common factor of 10 and 230.
10
Calculate the greatest common divisor of 37247 and 7.
7
Calculate the highest common factor of 40320 and 360.
360
Calculate the highest common factor of 590 and 10.
10
What is the greatest common divisor of 240 and 210?
30
Calculate the highest common divisor of 3178 and 252.
14
What is the highest common factor of 201 and 6?
3
Calculate the highest common factor of 52 and 74.
2
What is the highest common divisor of 165 and 1?
1
Calculate the greatest common divisor of 108 and 621.
27
What is the greatest common divisor of 62 and 2914?
62
Calculate the highest common divisor of 4 and 4.
4
What is the highest common divisor of 48 and 18?
6
What is the greatest common divisor of 364 and 104?
52
Calculate the highest common divisor of 84 and 868.
28
What is the highest common divisor of 663 and 5083?
221
Calculate the highest common divisor of 28 and 84.
28
Calculate the highest common factor of 759 and 99.
33
What is the highest common factor of 216 and 9?
9
What is the highest common factor of 98 and 742?
14
What is the greatest common divisor of 58 and 174?
58
Calculate the greatest common factor of 9088 and 384.
128
Calculate the highest common factor of 40 and 20140.
20
Calculate the highest common divisor of 2 and 18.
2
What is the greatest common divisor of 14 and 5404?
14
What is the greatest common divisor of 43 and 76927?
43
Calculate the highest common factor of 10 and 610.
10
What is the highest common divisor of 3 and 1029?
3
Calculate the highest common divisor of 162 and 27.
27
Calculate the highest common factor of 8658 and 156.
78
What is the highest common divisor of 5329 and 73?
73
What is the highest common divisor of 3250 and 39?
13
What is the highest common factor of 120 and 72?
24
What is the highest common factor of 318 and 265?
53
What is the highest common factor of 32 and 544?
32
What is the greatest common factor of 2340 and 65?
65
What is the highest common factor of 237 and 158?
79
Calculate the highest common factor of 2035 and 5291.
407
Calculate the highest common factor of 517 and 187.
11
Calculate the highest common factor of 60 and 330.
30
Calculate the highest common divisor of 28 and 889.
7
Calculate the greatest common factor of 329 and 141.
47
Calculate the highest common factor of 15 and 705.
15
Calculate the highest common divisor of 54 and 486.
54
Calculate the greatest common factor of 1817 and 115.
23
What is the highest common factor of 250 and 20?
10
Calculate the greatest common factor of 2203 and 1.
1
What is the greatest common divisor of 824 and 721?
103
Calculate the highest common divisor of 255 and 60.
15
Calculate the highest common factor of 10 and 1370.
10
Calculate the greatest common factor of 8018 and 38.
38
Calculate the highest common factor of 18 and 162.
18
Calculate the highest common divisor of 13 and 23.
1
Calculate the highest common factor of 1680 and 693.
21
What is the highest common divisor of 481 and 26?
13
Calculate the highest common factor of 158 and 1027.
79
What is the highest common divisor of 1425 and 825?
75
Calculate the highest common factor of 3402 and 108.
54
Calculate the highest common divisor of 736 and 4646.
46
Calculate the highest common factor of 6657 and 42.
21
What is the highest common divisor of 62 and 10292?
62
Calculate the highest common factor of 27 and 621.
27
Calculate the greatest common divisor of 3 and 81.
3
What is the greatest common factor of 184 and 104?
8
Calculate the greatest common factor of 8453 and 1177.
107
Calculate the highest common factor of 10 and 17210.
10
Calculate the greatest common divisor of 62 and 1333.
31
What is the highest common factor of 98 and 2?
2
Calculate the greatest common divisor of 81 and 108.
27
Calculate the highe